e 3*z + 7*t - 3*t - 100 = 0, 3*z + t = 97. What is the remainder when z is divided by 5?
2
Let l(j) = -j**3 - 4*j**2 + 17*j + 1. Calculate the remainder when l(-7) is divided by 15.
14
Let z = -40 + 98. What is the remainder when z is divided by 20?
18
Suppose 0 = 3*a - 4 - 8. Suppose 4*r - 118 + 590 = a*x, -5*x + 590 = 3*r. What is the remainder when x is divided by 30?
28
Suppose -5*o + 0 = -55. Suppose -1 + 63 = 2*b. Calculate the remainder when b is divided by o.
9
Let w(q) = q**2 + 3*q - 4. Let r be w(-4). Suppose -g - 6*k + 20 = -k, 3*k - 12 = r. Suppose g = 4*u - 41 + 13. Calculate the remainder when u is divided by 4.
3
Suppose 4*u - 61 = -5*i, u + 20 = 3*i - 20. Suppose 2*b + 8 = 56. What is the remainder when b is divided by i?
11
Let z be (9 + 0 + 1)*14. Suppose -4*g - 3 - 77 = -2*b, -4*b + 4*g = -z. Calculate the remainder when b is divided by 8.
6
Let g(k) = -k**2 + 4*k - 1. Let t = -1 + 4. What is the remainder when g(t) is divided by 1/1*(-5)/(-5)?
0
Suppose 3*v = 63 - 9. Let g be ((-12)/v)/((-4)/18). Suppose -g + 10 = q. Calculate the remainder when 19 is divided by q.
5
Let z(i) = 13 - 5*i - 4*i + 10*i. What is the remainder when z(-9) is divided by 1?
0
Let n be -3 + 2 + (0 - 0). What is the remainder when 7/((n + 3)/22) is divided by 20?
17
Suppose 2*j = -2*t + 964, -j - j - 4*t + 972 = 0. Let r = -848 + j. Calculate the remainder when 1/(-4) + r/(-8) is divided by 12.
10
Suppose 0 = 4*y + y - 115. Let p(u) = 12*u**2 + u + 1. Calculate the remainder when y is divided by p(-1).
11
Suppose -3*w - 3*t - 20 = -77, 5*t = 15. Calculate the remainder when 79 is divided by w.
15
Suppose -13 = -4*u + 27. What is the remainder when 19 is divided by u?
9
Let z be 8/20*15*2. Suppose -3*q + 48 = -z. What is the remainder when q is divided by 10 + 0/2 + 1?
9
Suppose -w + 28 = a - 0*a, -3*w + 80 = 2*a. What is the remainder when 118 is divided by w?
22
Let n = 53 + -36. Calculate the remainder when 33 is divided by n.
16
Let i = -9 + 30. Suppose 8*z = 3*z + 60. Calculate the remainder when i is divided by z.
9
Let s = 2 - -10. Calculate the remainder when 10 is divided by 3/s - 23/(-4).
4
Suppose 8 = a - 2. Let q(b) = 7*b**2 - b + 2. Let n = -4 + 6. What is the remainder when q(n) is divided by a?
8
What is the remainder when (2/(-4))/(2*(-6)/72) is divided by 3?
0
Suppose 0*n = -4*n - 24. Let w be 44/(-6) + (-2)/n. Let c = w - -16. What is the remainder when 16 is divided by c?
7
Suppose -10 = -3*r - 4. Suppose 4*o - 6 = 14. Calculate the remainder when o is divided by r.
1
Suppose 10*d - 5*d - 25 = 0, 3*n = -4*d + 29. What is the remainder when 9 is divided by n?
0
Let a be 2*-2*(-4)/16. Calculate the remainder when 9 is divided by a*(-2 - 0)*-2.
1
Let i(w) = 7*w**2 - w - 4. What is the remainder when 59 is divided by i(2)?
15
Suppose -3*b + 20 = 2*b. Suppose 3*h + 32 = v, 3*v - b*h = -3*h + 80. Calculate the remainder when v is divided by 14.
12
Let q be 1/1 - (10 - 0). Let r(s) = 5*s - 33. Let c be r(10). Let n = c + q. Calculate the remainder when 29 is divided by n.
5
Suppose 0 = -2*b + 13*b - 55. Suppose 4*g - 95 = -27. What is the remainder when g is divided by b?
2
Suppose -5*c = 4*m - 0*c + 17, -4*m = 4*c + 12. Let r = 8 - m. What is the remainder when 9 is divided by r?
3
Suppose -5*x + 0*x = -345. Let r = 98 - x. Suppose -3*k + 31 = -17. What is the remainder when r is divided by k?
13
Suppose -3*f + 7 = -2*n, -2*n = -f + 3*f - 18. Let h = 5 - 2. What is the remainder when n is divided by h?
1
Let r = -2 + 4. Calculate the remainder when r is divided by 6/4*(-4)/(-6).
0
Let l be (1 + 2)*(-8)/6. What is the remainder when (l/6)/((-8)/420) is divided by 12?
11
Let m be -33*(2 - 1)*1. Calculate the remainder when m/2*(-8)/3 is divided by -46*(25/10)/(-5).
21
Let c = -24 - -40. Let b = c - 4. Calculate the remainder when 33 is divided by b.
9
Let b = 7 - 3. Suppose -5*g + 4*c = -55 - 39, 0 = -g - b*c + 14. Calculate the remainder when 10 is divided by 76/g - (-10)/(-45).
2
Let o be (-2)/(-6) - (-77)/21. Suppose 3*a + o = 2*a, 3*t = -3*a - 6. Let l(i) = -i + 10. Calculate the remainder when l(6) is divided by t.
0
Calculate the remainder when 45 is divided by 15 + -2 - (1 - 1).
6
Suppose w + 47 = 62. Calculate the remainder when 43 is divided by w.
13
What is the remainder when 30 is divided by (1 - (0 + 1)) + 8?
6
Suppose 2*x - h = -5*h + 42, -x + 2*h + 37 = 0. Calculate the remainder when 171 is divided by x.
26
Suppose 6 = -0*v + v. Calculate the remainder when 10 is divided by v.
4
Let o = -111 - -129. What is the remainder when o is divided by 10?
8
Suppose 15*x - 104 = 11*x. What is the remainder when x is divided by 16?
10
Let g = 0 - 3. Let s(k) = -k**2 + 2*k**2 + 0*k**2. What is the remainder when 16 is divided by s(g)?
7
Let a(c) = c**2 + 22*c + 61. Calculate the remainder when a(-19) is divided by 2.
0
Suppose 0 = 5*f + 15 + 25. Calculate the remainder when 14 is divided by ((-12)/f)/(3/10).
4
Suppose 15 = 3*w, 5*m = -0*m - 4*w + 140. What is the remainder when m is divided by 10?
4
Suppose -4*f + f = -168. Calculate the remainder when f is divided by 20.
16
Let s(v) = -2*v - 11. Let y(g) = -4 + 0 + 0 - 2 - g. Let b(z) = -4*s(z) + 7*y(z). Calculate the remainder when b(8) is divided by 4.
2
Let n(t) = -t**3 + 5*t**2 + 5*t. What is the remainder when 97 is divided by n(5)?
22
Suppose 0 = 4*l - l. Suppose a = -l*a + 14. Calculate the remainder when a is divided by 5.
4
Let n(l) = 2*l**2 - 11*l + 6. Let f be n(8). Suppose -2*k = -0*k - f. Calculate the remainder when 66 is divided by k.
20
Suppose 3*t = -0*t + 3*d + 18, 2*t = -4*d - 6. Let n(b) = 7*b + 5*b + 2 - 2*b. Calculate the remainder when n(t) is divided by 11.
10
Suppose 4*b = -0*d - 4*d + 24, -4*b = -4*d. Calculate the remainder when 6*((-8)/(-3) + 2) is divided by 2 - 1 - -12 - d.
8
Suppose -785*p = -803*p + 342. Let c = -1 + 2. Calculate the remainder when 36 - -1*0/c is divided by p.
17
What is the remainder when 68 is divided by (-4 + 3 + (-4)/(-8))*-46?
22
Suppose 4*q + 0*q = -28. Let z = 0 - q. Calculate the remainder when 26 is divided by z.
5
Suppose -5*j + 25 = -3*r, -4 = r + 1. Suppose j*a = 2*y - y - 35, 4*y - a - 119 = 0. Calculate the remainder when y is divided by 16.
13
Suppose 21 = 4*w - 3*i, w = -w - i + 13. Let p be 0 + 28 + 4 + -3. Let u = p - 13. What is the remainder when u is divided by w?
4
Let n(m) = m**3 - 7*m**2 - 9*m - 11. What is the remainder when n(9) is divided by 18?
16
Suppose 2*u = 10 + 12. What is the remainder when u is divided by 4?
3
Let x(a) = a + 13. Let v be (-2 - 4)*(-1)/2. Suppose 1 = v*t - 11. What is the remainder when x(-6) is divided by t?
3
Let t = 2 - 2. Suppose 3*b - 4*v + 14 = 2*b, -2*b + 2*v - 4 = t. Suppose -22 = -5*g - 2. What is the remainder when g is divided by b?
0
Let t be ((-21)/14)/(1/(-4)). Suppose 0 = -5*d - t + 1. What is the remainder when 6*(d - -2)*9 is divided by 14?
12
Suppose 4 = -5*v + 6*v. Suppose -6*d + d - 31 = k, 44 = -2*k - v*d. What is the remainder when (k/10)/(3/(-15)) is divided by 3?
2
Suppose 0 = -m + 3*v + 84, -12 - 3 = 5*v. What is the remainder when m is divided by 19?
18
Let y(x) = 60*x**2 + 2 + 3*x**2 + 11*x - 12*x. Suppose 0 = -h + 1 + 3, -4*w - 4*h = -104. Calculate the remainder when y(1) is divided by w.
20
Let t(l) = -l**3 + 12*l**2 - 12*l + 5. Let d be t(9). Let v = d + -96. Calculate the remainder when v is divided by 15.
14
Suppose 0 = -14*n + 10*n + 44. Calculate the remainder when 26 is divided by n.
4
Let j = 39 + -24. Let w = j - 9. Suppose 0 = -w*i + 2*i + 80. What is the remainder when i is divided by 11?
9
Let j(o) = o**3 - o**2. Let i be j(-1). Let a = -28 + 36. What is the remainder when a is divided by 1 - (0 + i - 0)?
2
Let w be 8/(-4) - -3*11. Suppose 3*o + w = 91. Calculate the remainder when 58 is divided by o.
18
Suppose 6*l = 3*l + 6. Suppose -w = -5*u - l*w + 65, -2*u + 4 = -4*w. What is the remainder when 23 is divided by u?
11
Let c be ((-11)/(-33))/((-2)/6). What is the remainder when 31 is divided by c/5 - 82/(-10)?
7
Suppose p = -p + 6. Calculate the remainder when 10 is divided by p.
1
Let k(c) = 6*c**2 - 2*c + 2. Let n be (-18)/((-1 + 4)/(-3)). Suppose -n + 86 = 4*l. What is the remainder when k(3) is divided by l?
16
Let b(s) = 12*s + 6. Let u